he third derivative of -1/60*f**5 + 2*f**2 - 1/24*f**4 - 1/6*f**3 + l*f + 0. Give v(-3).
-7
Let d = 6 - 3. Let a(m) = -7*m + 1. Let b(l) = -20*l + 3. Let k(t) = -17*a(t) + 6*b(t). Calculate k(d).
-2
Let m(d) be the second derivative of -d**4/12 + 5*d**3/6 - d**2 - 4*d. Determine m(4).
2
Let v be 28/(-12) + (-1)/(-3). Let d = 5 - 5. Let k = d - v. Let w(b) = -b**3 + b**2 - 2*b + 1. What is w(k)?
-7
Let i(v) = 5*v + 36 - 18 - 14. What is i(-3)?
-11
Let m be 10 + 5 + -3 - 1. Let o(w) = 10*w**2 - 28*w**2 - w + 8*w**2 + m*w**2 - 1. What is o(2)?
1
Let w(l) = -l**2 + 5*l - 3. Let j be w(2). Suppose -3*r - 2*r + 5 = 0. Let u(i) = -i + 5*i**2 + 0*i**j - r + 0*i**3 - i**3. Calculate u(5).
-6
Let k(a) be the second derivative of -a**5/20 + a**4/4 + a**3 - 2*a**2 + 8*a. Give k(4).
4
Let d = -7 - -15. Suppose 4*g + 16 = -d*x + 3*x, 0 = g + 5*x + 19. Let b(h) = -4*h - 3 - g + 0*h - h**2. What is b(-5)?
-9
Suppose -7*c + 2*c = -20. Suppose -2 - 14 = -c*w. Let l(r) = 3*r - 3*r - r + 6 + w*r. Calculate l(-4).
-6
Let p(s) be the second derivative of s**3/3 + 2*s**2 - 28*s. Let z(h) = -h**2 - 5. Let r be z(0). Give p(r).
-6
Let a(r) = -r**2 - 6*r - 3. Suppose 4*y + 12 = y. Let t be a(y). Let c(x) be the second derivative of x**4/12 - 5*x**3/6 - x**2/2 + 28*x. Determine c(t).
-1
Let s(u) = 2*u**2 + u - 1. Suppose -2*f + 5*i + 19 = 0, 0*f = -f - 2*i - 4. Suppose 0 = n - 2*n - f. What is s(n)?
5
Let x(k) = k**3 + k**2 - 10. Let a(w) = -3*w + 12. Let s be a(4). What is x(s)?
-10
Let b = -8 - -13. Let x(r) = -3*r**2 + 2 - b*r + 2*r**2 + 5*r. What is x(-3)?
-7
Let k(z) = -8*z + 2*z + 6*z**2 + 3*z - 8*z**2. Suppose j - 2*h + 22 = 2*h, -h + 5 = 0. Give k(j).
-2
Let v(n) = -n**2 + n + 3. Let g be (0 + 0)/(-8 + 7). Determine v(g).
3
Let h(q) = -q + 5. Let n(m) = 4*m - 5. Let j be n(2). What is h(j)?
2
Let h(c) = c**2 + 3*c - 1. Let q be h(-4). Let f(u) be the first derivative of 3*u**2 + 1 + 1/3*u**q + u. What is f(-5)?
-4
Suppose 3*q + 141 = 129. Let h(j) = j**3 + 2*j**2 - 3*j + 4. What is h(q)?
-16
Let b(g) be the first derivative of g - 4. Let j(h) = 40 + 4*h + 7 - 3. Let i(n) = 88*b(n) - 2*j(n). Give i(-1).
8
Let w(q) = q**3 - 7*q**2. Suppose 4*s + 4*x = 40, 23 = 5*s - 6*x + 2*x. Calculate w(s).
0
Let g(l) = -7 + 4*l + l + l - 4*l. Determine g(5).
3
Let n(p) = -p**2 + 5*p + 4. Let a be n(6). Let y(h) = -h**3 + h**2 + h - 1. Calculate y(a).
9
Let p(o) be the first derivative of o**4/4 + 5*o**3/3 + 3*o**2/2 + 4*o - 1. Give p(-5).
-11
Let z(k) be the second derivative of -3*k - k**2 - 1/6*k**3 + 0. Determine z(2).
-4
Let d(a) = -a**3 - 9*a**2 - 9*a - 10. Let t be d(-8). Let u(g) = 3*g + 2. Let m(b) = -10*b - 6. Let v(z) = 2*m(z) + 7*u(z). Determine v(t).
0
Let w(i) = -i + 1. Suppose 2*p - 10 = -3*r + 7*p, 3*r = -2*p - 25. Calculate w(r).
6
Suppose -45 = -9*t + 4*t. Let b(r) = 2 + 3 - t*r + 10*r. What is b(0)?
5
Let r = -4 + 3. Let z = r + 5. Let q(m) = -m**2 + 3*m. Give q(z).
-4
Let n(g) = -2*g - 3. Suppose -8*z - 15 = -3*z. What is n(z)?
3
Let c(t) be the first derivative of t**2/2 - t - 1. Suppose -3*w + 10 = 2*v, -4*v + 3*w + 3 = 1. Determine c(v).
1
Let v be (0 - 9/(-6))*20/(-15). Let o(m) = 2*m**3 + m**2 + 2. Give o(v).
-10
Let a(g) = g. Let t be a(2). Suppose 4*x = 3*s - 7, t*s - 18 = 3*x + 4*s. Let r(d) = d + 3. Give r(x).
-1
Let w(a) = a**3 - 3*a**2 + 4. Let d(g) = -4*g**3 - 2*g**2 + 1. Suppose 3*q + 4*y + 11 = 0, q - 5*y - 12 = -3. Let j be d(q). Calculate w(j).
4
Let r(p) be the second derivative of 1/12*p**4 + 0 + 5/6*p**3 - 1/2*p**2 - p. Let t = 5 - 10. Determine r(t).
-1
Suppose 14*g = 13*g - 6. Let k(s) = 3*s + 8. Determine k(g).
-10
Let v(n) = n**2 + n + 1. Let a(i) = 13*i**2 + 7*i - 2. Let d(b) = a(b) - 5*v(b). Let j(k) = 7*k**2 + k - 6. Let o(p) = 6*d(p) - 7*j(p). Determine o(5).
0
Let d(j) = -18*j + 2. Let k be d(-1). Suppose 0 = 4*h + 4*b + k, h + 20 = -3*b - b. Let t(f) = -f. Give t(h).
0
Let g(j) be the second derivative of j**3/6 + j**2/2 + 19*j. Determine g(3).
4
Let t be (2/(-4))/(2/20). Suppose v - 2 = -0. Let y(c) = -v*c + 4 - c**2 - 2*c + 4 - 1. Give y(t).
2
Suppose 5*u - 11 = 4. Suppose 0 = c - u*c - 8, 0 = 4*h - c - 12. Let r(n) = -3*n - h*n**2 + 4*n**2 - 3*n**2. Determine r(-2).
2
Suppose 3 = f, -3*w - w = -4*f + 24. Let o(p) = p**2 - p - 1. Give o(w).
11
Let o(h) = -5*h - h**2 - 2*h**2 + 3*h + 2. Suppose -w = -3*l + 14, 0 = -4*l + 1 + 19. Let b = -1 - w. Calculate o(b).
-6
Let l = 3 + 3. Let n(v) = 5*v - l*v - 2 + 7. Suppose 0 = 4*w - w. What is n(w)?
5
Let k(b) = -10*b**3 + 24*b**2 + 23*b - 9. Let p(l) = -7*l**3 + 16*l**2 + 15*l - 6. Let y(z) = -5*k(z) + 7*p(z). What is y(9)?
-6
Let j(f) = f**2 + 12*f + 11. Let a be j(-11). Let t(n) = -n**2 - 4*n + 1. Let c be t(-2). Let u = a - c. Let s(w) = 2*w + 7. Calculate s(u).
-3
Let h = 7 - 4. Suppose -l + 4 = h*l. Let x(t) = 8*t**2 + t. Determine x(l).
9
Let d(z) = -2 - 3*z + 0*z - z**3 + 0*z - 2*z**2. Let i(g) = 2*g + 2*g + 4*g**2 - 7*g**2 - 3*g. Let y be i(1). Calculate d(y).
4
Let u(t) be the first derivative of -t**6/120 - t**5/20 - t**4/24 + t**3/6 + t**2/2 - 4. Let k(p) be the second derivative of u(p). Determine k(-2).
-1
Let z(b) = -9*b + 5. Let d(i) = -3*i + 2. Suppose -7*h + 2*h - 2*s = 61, 5*s + 37 = -2*h. Let y(t) = h*d(t) + 4*z(t). Let j be 1/(-3) - 16/6. Give y(j).
7
Let m(a) = -a - 4*a**2 + 13*a**2 + a**3 + 3 + 0*a - 7. Let n be m(-9). Let z(k) = -k**3 - k**2 - 6 + 0 + 3*k + 6*k**2. Calculate z(n).
9
Suppose -66 = -5*r + 2*r. Suppose 0 = -2*q + n + 3*n - 14, q - 5*n = -r. Let u(x) = -2*x**2 + x + x**2 + 0*x**2 + 3. Calculate u(q).
-3
Let h(k) = -10*k**2 + k + 3*k**2 + 13*k**2. Let l be -4 + 3 - (0 - 0). Determine h(l).
5
Let o(z) = 3*z + 7. Let l be o(-4). Let i(d) = -d - 1. Let k(h) = 4*h + 4. Let r(y) = -3*i(y) - k(y). Calculate r(l).
4
Suppose -12 - 4 = -4*w. Let u(y) = -2*y**2 + 5*y + 3. Give u(w).
-9
Let n(v) = -17 - 1 - 5*v - 2*v. Let r(j) = -3*j - 9. Let x(m) = -2*n(m) + 5*r(m). Calculate x(-7).
-2
Let r(t) = t + 2. Let h be ((-18)/21)/((-2)/14). Suppose 3*i + 15 = h*i. What is r(i)?
7
Let x(w) = -w + 6. Let a(p) = -p**3 - 7*p**2 - 7*p - 1. Suppose -5*v - 44 = -14. Let u be a(v). Calculate x(u).
1
Let z(k) = 1 + 1 - 1 - 2 + 8*k. Calculate z(-1).
-9
Suppose 3*x + 2*k = 6*k - 11, 4 = 2*k. Let g(f) = -3*f**2 + 6*f - 3. Suppose 0*n + 3*n + 6 = 0. Let o(w) = w**2 - w - 1. Let l(i) = n*o(i) + x*g(i). Give l(5).
10
Let v(t) = -t + 1. Let k(w) = -w - 6. Let m(r) = -k(r) - 3*v(r). Determine m(-5).
-17
Let v be 128/56 + (-2)/7. Let o(h) = 2*h + h**2 + v + 1 - 2*h**2 - h. What is o(4)?
-9
Let s(m) = -m + 5. Suppose -6 = 10*o - 96. Determine s(o).
-4
Let k(g) = 4*g**3 + 2*g - 1. Let l be -1*3 + (3 - 2) + 3. Give k(l).
5
Let o(n) = -n**3 - 7*n**2 - 6*n - 4. Let g be o(-6). Let d(a) = a**2 + 2*a + 1. Determine d(g).
9
Let h(p) be the third derivative of p**4/4 - p**2. Let r be 377/6 + 4/24. Let l be 2/11 - r/(-77). Calculate h(l).
6
Let h(p) = -3*p + 1. Let d be h(2). Let l(k) = k**2 + 6*k + 2. Give l(d).
-3
Let o(y) = 13*y**2 + 2*y - 13. Let z(h) = -7*h**2 - h + 7. Let l(d) = -6*o(d) - 11*z(d). What is l(4)?
-19
Let g(a) = a**3 + 4*a**2 + 2*a + 2. Let z(t) = t**3 - 6*t**2 + 3*t + 7. Let h be z(5). Calculate g(h).
5
Let a(w) be the third derivative of -w**5/30 - 25*w**4/24 - 5*w**3/2 - 4*w**2. Let p(o) = o**2 + 13*o + 8. Let h(y) = -6*a(y) - 11*p(y). Give h(-5).
-8
Suppose 3*n - 4*j - 4 = -10, 4 = -n + 2*j. Let g(u) = u**2 + 3*u - 3. Give g(n).
7
Let k(t) = t**3 + 5*t**2 - 2. Let r be k(-5). Let i(h) = h + 1. What is i(r)?
-1
Suppose 0*p - 16 = -p. Let j be (p/20)/((-2)/15). Let v(u) = u + 1. Calculate v(j).
-5
Let v(j) be the first derivative of j**4/4 - j**3/3 - j**2/2 + 3*j - 4. Let a = 15 - 11. Let b(r) = -r**2 + 4*r. Let m be b(a). Give v(m).
3
Suppose -4 - 1 = 2*r - 3*l, -4 = r - 2*l. Let y be ((2 + 0)/r)/1. Let p(w) = -11*w + 1. Determine p(y).
-10
Let y(t) = -t**2 - 3*t. Let o be y(-3). Let k(v) = 0 - v - 4 + o*v + 2*v. Give k(0).
-4
Let d(k) be the second derivative of k**4/12 + k**3/2 - k**2 + 12*k. Calculate d(-3).
-2
Let g(u) = -u. Let t(f) = f**2 + 3*f. Let k(z) = 3*g(z) + t(z). Let q be -2 + (-4 + 2)/2. Let m = -4 - q. Give k(m).
1
Suppose -1 = -4*a - 4*j + 23, -3*a + 12 = j. Let z(b) be the second derivative of -b**4/12 + b**3/2 - b. What is z(a)?
0
Suppose j = 5*j + 2